{"id":970,"date":"2026-02-19T15:27:17","date_gmt":"2026-02-19T15:27:17","guid":{"rendered":"https:\/\/temporal.iplanmovilidad.com\/?page_id=970"},"modified":"2026-04-13T15:06:37","modified_gmt":"2026-04-13T15:06:37","slug":"970-2","status":"publish","type":"page","link":"https:\/\/iplanmovilidad.com\/","title":{"rendered":"iPlan Movilidad"},"content":{"rendered":"\n<div style=\"height:60px\" aria-hidden=\"true\" class=\"wp-block-spacer\"><\/div>\n\n\n\n<div class=\"wp-block-columns is-layout-flex wp-container-core-columns-is-layout-28f84493 wp-block-columns-is-layout-flex\">\n<div class=\"wp-block-column is-layout-flow wp-block-column-is-layout-flow\">\n<div class=\"wp-block-getwid-images-slider has-arrows-none has-dots-none has-images-center has-fitted-images\"><div class=\"wp-block-getwid-images-slider__wrapper\" data-effect=\"fade\" data-slides-show=\"1\" data-slides-show-laptop=\"1\" data-slides-show-tablet=\"1\" data-slides-show-mobile=\"1\" data-slides-scroll=\"1\" data-autoplay=\"true\" data-pause-hover=\"false\" data-autoplay-speed=\"5000\" data-infinite=\"true\" data-animation-speed=\"800\" data-center-mode=\"true\" data-variable-width=\"false\" data-arrows=\"none\" data-dots=\"none\" data-spacing=\"none\"><div class=\"wp-block-getwid-images-slider__item\"><figure><img fetchpriority=\"high\" decoding=\"async\" width=\"2560\" height=\"1035\" src=\"https:\/\/iplanmovilidad.com\/wp-content\/uploads\/2026\/02\/2-scaled.jpg\" data-id=\"677\" data-link=\"https:\/\/iplanmovilidad.com\/?attachment_id=677\" data-original-link=\"https:\/\/iplanmovilidad.com\/wp-content\/uploads\/2026\/02\/2-scaled.jpg\" class=\"wp-block-getwid-images-slider__image wp-image-677\" srcset=\"https:\/\/iplanmovilidad.com\/wp-content\/uploads\/2026\/02\/2-scaled.jpg 2560w, https:\/\/iplanmovilidad.com\/wp-content\/uploads\/2026\/02\/2-300x121.jpg 300w, https:\/\/iplanmovilidad.com\/wp-content\/uploads\/2026\/02\/2-1024x414.jpg 1024w, https:\/\/iplanmovilidad.com\/wp-content\/uploads\/2026\/02\/2-768x311.jpg 768w, https:\/\/iplanmovilidad.com\/wp-content\/uploads\/2026\/02\/2-1536x621.jpg 1536w, https:\/\/iplanmovilidad.com\/wp-content\/uploads\/2026\/02\/2-2048x828.jpg 2048w\" sizes=\"(max-width: 2560px) 100vw, 2560px\" \/><\/figure><\/div><div class=\"wp-block-getwid-images-slider__item\"><figure><img decoding=\"async\" width=\"2560\" height=\"1035\" src=\"https:\/\/iplanmovilidad.com\/wp-content\/uploads\/2026\/04\/Main-page-imagenes-02-scaled.jpg\" data-id=\"2760\" data-link=\"https:\/\/iplanmovilidad.com\/?attachment_id=2760\" data-original-link=\"https:\/\/iplanmovilidad.com\/wp-content\/uploads\/2026\/04\/Main-page-imagenes-02-scaled.jpg\" class=\"wp-block-getwid-images-slider__image wp-image-2760\" srcset=\"https:\/\/iplanmovilidad.com\/wp-content\/uploads\/2026\/04\/Main-page-imagenes-02-scaled.jpg 2560w, https:\/\/iplanmovilidad.com\/wp-content\/uploads\/2026\/04\/Main-page-imagenes-02-300x121.jpg 300w, https:\/\/iplanmovilidad.com\/wp-content\/uploads\/2026\/04\/Main-page-imagenes-02-1024x414.jpg 1024w, https:\/\/iplanmovilidad.com\/wp-content\/uploads\/2026\/04\/Main-page-imagenes-02-768x311.jpg 768w, https:\/\/iplanmovilidad.com\/wp-content\/uploads\/2026\/04\/Main-page-imagenes-02-1536x621.jpg 1536w, https:\/\/iplanmovilidad.com\/wp-content\/uploads\/2026\/04\/Main-page-imagenes-02-2048x828.jpg 2048w\" sizes=\"(max-width: 2560px) 100vw, 2560px\" \/><\/figure><\/div><div class=\"wp-block-getwid-images-slider__item\"><figure><img decoding=\"async\" width=\"2560\" height=\"1035\" src=\"https:\/\/iplanmovilidad.com\/wp-content\/uploads\/2026\/04\/Main-page-imagenes-03-scaled.jpg\" data-id=\"2761\" data-link=\"https:\/\/iplanmovilidad.com\/?attachment_id=2761\" data-original-link=\"https:\/\/iplanmovilidad.com\/wp-content\/uploads\/2026\/04\/Main-page-imagenes-03-scaled.jpg\" class=\"wp-block-getwid-images-slider__image wp-image-2761\" srcset=\"https:\/\/iplanmovilidad.com\/wp-content\/uploads\/2026\/04\/Main-page-imagenes-03-scaled.jpg 2560w, https:\/\/iplanmovilidad.com\/wp-content\/uploads\/2026\/04\/Main-page-imagenes-03-300x121.jpg 300w, https:\/\/iplanmovilidad.com\/wp-content\/uploads\/2026\/04\/Main-page-imagenes-03-1024x414.jpg 1024w, https:\/\/iplanmovilidad.com\/wp-content\/uploads\/2026\/04\/Main-page-imagenes-03-768x311.jpg 768w, https:\/\/iplanmovilidad.com\/wp-content\/uploads\/2026\/04\/Main-page-imagenes-03-1536x621.jpg 1536w, https:\/\/iplanmovilidad.com\/wp-content\/uploads\/2026\/04\/Main-page-imagenes-03-2048x828.jpg 2048w\" sizes=\"(max-width: 2560px) 100vw, 2560px\" \/><\/figure><\/div><\/div><\/div>\n\n\n\n<div style=\"height:10px\" aria-hidden=\"true\" class=\"wp-block-spacer\"><\/div>\n\n\n\n<div data-aos= \"fade\" data-aos-duration=\"400\" data-aos-delay=\"0\" data-aos-easing=\"ease\" data-aos-once=\"true\" class=\"wp-block-uagb-container uagb-block-18df7ee4 alignfull uagb-is-root-container\"><div class=\"uagb-container-inner-blocks-wrap\">\n<div class=\"wp-block-columns is-layout-flex wp-container-core-columns-is-layout-28f84493 wp-block-columns-is-layout-flex\">\n<div class=\"wp-block-column is-layout-flow wp-block-column-is-layout-flow\">\n<p class=\"gutenakitid-0c0b9248-09b5-4597-9e64-479b9acd500e  has-text-align-center\">Especializaci\u00f3n, cercan\u00eda y rigor en la gesti\u00f3n y planificaci\u00f3n de transporte<\/p>\n<\/div>\n<\/div>\n<\/div><\/div>\n<\/div>\n<\/div>\n\n\n\n<div style=\"height:320px\" aria-hidden=\"true\" class=\"wp-block-spacer\"><\/div>\n","protected":false},"excerpt":{"rendered":"<p>Especializaci\u00f3n, cercan\u00eda y rigor en la gesti\u00f3n y planificaci\u00f3n de transporte<\/p>\n","protected":false},"author":1,"featured_media":0,"parent":0,"menu_order":0,"comment_status":"closed","ping_status":"closed","template":"","meta":{"_uag_custom_page_level_css":"","site-sidebar-layout":"default","site-content-layout":"","ast-site-content-layout":"default","site-content-style":"default","site-sidebar-style":"default","ast-global-header-display":"","ast-banner-title-visibility":"","ast-main-header-display":"","ast-hfb-above-header-display":"","ast-hfb-below-header-display":"","ast-hfb-mobile-header-display":"","site-post-title":"disabled","ast-breadcrumbs-content":"","ast-featured-img":"","footer-sml-layout":"","ast-disable-related-posts":"","theme-transparent-header-meta":"","adv-header-id-meta":"","stick-header-meta":"","header-above-stick-meta":"","header-main-stick-meta":"","header-below-stick-meta":"","astra-migrate-meta-layouts":"default","ast-page-background-enabled":"default","ast-page-background-meta":{"desktop":{"background-color":"var(--ast-global-color-5)","background-image":"","background-repeat":"repeat","background-position":"center center","background-size":"auto","background-attachment":"scroll","background-type":"","background-media":"","overlay-type":"","overlay-color":"","overlay-opacity":"","overlay-gradient":""},"tablet":{"background-color":"","background-image":"","background-repeat":"repeat","background-position":"center center","background-size":"auto","background-attachment":"scroll","background-type":"","background-media":"","overlay-type":"","overlay-color":"","overlay-opacity":"","overlay-gradient":""},"mobile":{"background-color":"","background-image":"","background-repeat":"repeat","background-position":"center center","background-size":"auto","background-attachment":"scroll","background-type":"","background-media":"","overlay-type":"","overlay-color":"","overlay-opacity":"","overlay-gradient":""}},"ast-content-background-meta":{"desktop":{"background-color":"var(--ast-global-color-4)","background-image":"","background-repeat":"repeat","background-position":"center center","background-size":"auto","background-attachment":"scroll","background-type":"","background-media":"","overlay-type":"","overlay-color":"","overlay-opacity":"","overlay-gradient":""},"tablet":{"background-color":"var(--ast-global-color-4)","background-image":"","background-repeat":"repeat","background-position":"center center","background-size":"auto","background-attachment":"scroll","background-type":"","background-media":"","overlay-type":"","overlay-color":"","overlay-opacity":"","overlay-gradient":""},"mobile":{"background-color":"var(--ast-global-color-4)","background-image":"","background-repeat":"repeat","background-position":"center center","background-size":"auto","background-attachment":"scroll","background-type":"","background-media":"","overlay-type":"","overlay-color":"","overlay-opacity":"","overlay-gradient":""}},"footnotes":""},"class_list":["post-970","page","type-page","status-publish","hentry"],"aioseo_notices":[],"uagb_featured_image_src":{"full":false,"thumbnail":false,"medium":false,"medium_large":false,"large":false,"1536x1536":false,"2048x2048":false},"uagb_author_info":{"display_name":"admin","author_link":"https:\/\/iplanmovilidad.com\/?author=1"},"uagb_comment_info":0,"uagb_excerpt":"Especializaci\u00f3n, cercan\u00eda y rigor en la gesti\u00f3n y planificaci\u00f3n de transporte","_links":{"self":[{"href":"https:\/\/iplanmovilidad.com\/index.php?rest_route=\/wp\/v2\/pages\/970","targetHints":{"allow":["GET"]}}],"collection":[{"href":"https:\/\/iplanmovilidad.com\/index.php?rest_route=\/wp\/v2\/pages"}],"about":[{"href":"https:\/\/iplanmovilidad.com\/index.php?rest_route=\/wp\/v2\/types\/page"}],"author":[{"embeddable":true,"href":"https:\/\/iplanmovilidad.com\/index.php?rest_route=\/wp\/v2\/users\/1"}],"replies":[{"embeddable":true,"href":"https:\/\/iplanmovilidad.com\/index.php?rest_route=%2Fwp%2Fv2%2Fcomments&post=970"}],"version-history":[{"count":135,"href":"https:\/\/iplanmovilidad.com\/index.php?rest_route=\/wp\/v2\/pages\/970\/revisions"}],"predecessor-version":[{"id":2796,"href":"https:\/\/iplanmovilidad.com\/index.php?rest_route=\/wp\/v2\/pages\/970\/revisions\/2796"}],"wp:attachment":[{"href":"https:\/\/iplanmovilidad.com\/index.php?rest_route=%2Fwp%2Fv2%2Fmedia&parent=970"}],"curies":[{"name":"wp","href":"https:\/\/api.w.org\/{rel}","templated":true}]}}